 5.
2
What is the value of -1 + -1 + (0 + 4 - (-35 + 36))?
1
27 - (-9 + 4 - (-16 - -2))
18
What is 14 - (23 + -3) - (11 + -7)?
-10
What is the value of 4 + -2 - (2 + -6 + -5 + 3)?
8
1 + 5 - ((-10 - -23) + 2)
-9
(488 - 479) + -1 + 12
20
(32 - 15) + -14 + -1
2
What is (-1 - (-30 + 30)) + -1?
-2
Calculate 54 + -35 + -23 - (1 - -7).
-12
Calculate 1 - (-6 - ((-6 - 0) + 12 + -2)).
11
What is -5 + 3 + -2 + 2 + (13 - 18)?
-7
What is the value of (9 - -2) + (-121 - -123)?
13
Calculate (4 - (15 + -5)) + 18 + 2 + -6.
8
Evaluate 10 - (10 - (-41 + 21)).
-20
What is the value of -2 + (40 - 27) + -24 + -5?
-18
What is the value of 26 + 20 + -23 + -26?
-3
What is -9 - (2 + -3 + -8 + 5)?
-5
What is -12 + -1 - (19 + (-27 - (-9 - 4)))?
-18
Calculate 4 - (-2 + -1 - ((19 - 9) + -9)).
8
What is (22 - (-9 + 33)) + 10?
8
Evaluate 6 + (19 + -6 - 34).
-15
(10 + -23 - (-8 - 1)) + -6
-10
8 - (-11 + 20 + -10 + 2)
7
Calculate -13 + 37 + -70 + 28.
-18
What is 12 + 11 + -7 + -9?
7
Calculate -8 + (39 - (-9 - -6 - -6 - -8)).
20
Evaluate (-9 - 3) + 7 + -4 + 1 + -2.
-10
-13 + (6 - 10) + 1 + 4
-12
Evaluate 13 - (-5 - -9 - -17) - -18.
10
95 + -113 + (0 - 3) + 3
-18
What is (-9 + 39 - 13) + (-9 - -1)?
9
What is (1 - 1) + (-249 - -247)?
-2
Evaluate 601 - 606 - (1 + 26).
-32
What is 35 + -20 - (2 - -11) - 10?
-8
16 + (-2 - 1 - (-6 - -1))
18
Calculate -20 + 16 + (13 - 13).
-4
What is 2 + (-9 - -11) - 12?
-8
5 - (-3 + -12 - -10)
10
What is the value of (-40 + 13 - 2) + 41?
12
What is 9 + (0 - (-3 + 8)) + -5?
-1
(-49 - (-70 - -36)) + (0 - -36)
21
2 - (11 - ((-9 - -13 - 1) + 7))
1
What is -18 + 1 - ((1 - 12 - -15) + -6)?
-15
What is the value of -8 + (2 - 2) + 3 + 9?
4
Evaluate (20 - (0 + 2)) + -398 + 395.
15
What is the value of -7 + 35 + 7 + 2 + -16?
21
Evaluate (-30 - -41) + 0 - -5.
16
(-12 - -5 - (-8 - 0)) + -7 + 8
2
What is 2 + -2 + -7 + (-17 + 2 - -31)?
9
What is -24 + 30 - (0 - 1) - 4?
3
Evaluate -2 - (-7 - ((2 - 2) + 49 + -58)).
-4
Evaluate 3 - (10 + -16 + 5).
4
What is the value of 4 - ((-26 - -2 - -7) + 2 - -4)?
15
Calculate 186 + -199 + -11 + (6 - 3).
-21
What is -29 - (1 - (-13 + (2 - -22)))?
-19
Evaluate -13 + (15 - 6) - (-2 - -21).
-23
Calculate 11 + 0 + (-2 - (-2 + 3 + -3)).
11
What is the value of (20 - 47) + 0 + 6?
-21
Evaluate 7 - (-5 + 17 - (2 - -1)).
-2
What is 8 + -12 + -6 + (10 - 2) + -23?
-25
Calculate (-4 - (3 - -26)) + 0 + 0 + 5.
-28
Evaluate -36 + 24 + -6 + 24.
6
What is -1 + -2 + -45 + 36 + 1?
-11
Evaluate 7 + (-3 - -1) + 7 + -6 + -7.
-1
Calculate ((3 - 5) + -5 - -2) + 3 + 0.
-2
What is -19 + 10 + (-2 - -5) + 10?
4
Evaluate (-7 - -2) + 11 + 2 + 9.
17
What is -7 + 23 + -23 + 2?
-5
Calculate 203 + -219 - (1 - -3 - -3).
-23
What is the value of 23 + 8 + 3 + -5 + -4 + 3?
28
0 - 13 - ((5 - 11) + 7)
-14
What is the value of -11 - (5 + 3) - -12 - 2?
-9
What is (222 - 265) + (1 - -12)?
-30
What is the value of (4 - -6) + -26 + 29?
13
What is the value of (-9 + 12 - 4) + 8 + (-1 - -11)?
17
(-36 - -27) + 28 - 26
-7
Evaluate (-18 - -3) + 11 + (1 - -3).
0
What is the value of 1 + -10 + -5 + (-5 - -2) + 14?
-3
Evaluate -18 - (19 - (44 - 19)).
-12
What is -1 + 9 + (-25 - (-2 - 14))?
-1
What is the value of -6 - (-3 - -1) - (484 + -474)?
-14
Calculate -42 + 21 - (0 + -1 + 0 + 8).
-28
Calculate 9 + 42 + -42 + (-1 - -1) + -18.
-9
(39 + -29 - (4 + -3)) + -19
-10
What is -19 - (-3 - (-12 + (-2 - 4)))?
-34
Evaluate -30 - (6 - 20) - -4.
-12
What is the value of 7 - 0 - (17 - 15)?
5
What is -1 + (5 - 1 - 0 - (7 - 9))?
5
What is the value of (1 - (-2 + (-3 - -5) + -1)) + 6?
8
Evaluate -8 - 0 - (28 + -36) - 2.
-2
15 - (-12 + 30 + -9)
6
What is (6 - (20 - 4 - 4 - 6)) + 5?
5
What is the value of -1 - -1 - ((-11 - 7) + 2)?
16
What is the value of -2 + 4 + -6 + -2 + 10?
4
-15 - -2 - (14 + -6 + 3)
-24
Calculate -27 + 5 - (-20 + 1) - 21.
-24
Calculate 18 - 8 - 24 - -28.
14
What is the value of 13 + -32 + 30 - (0 - -8)?
3
-7 + (5 - -20 - 14) + -36
-32
Evaluate 5 + 3 + -9 + -4 + 8 + -1.
2
What is the value of -2 + 7 + (-14 - 7) - -6?
-10
What is (-13 + 9 - -21) + -20?
-3
Evaluate 6 + -11 + (1 - (-5 + -5)) + -8.
-2
What is 55 - (4 - (-31 + -12 + 29))?
37
What is the value of -7 - ((20 - -2) + -5)?
-24
((-20 - 1) + -6 - -8) + 5 - -5
-9
Calculate -4 + -10 + 0 + 34 + 3 + -4.
19
Calculate (-6 - (-16 - -3) - 28) + (-4 - -5).
-20
Calculate 10 + (8 - (28 - 6)) + 8.
4
9 + -7 + 1 - 6 - (-1 - 2)
0
Calculate (-19 - -22) + (1 - -3) + (-15 - -16).
8
-3 - (-1 - -5) - (36 - 31)
-12
(-33 - -15) + 3 + 12
-3
What is the value of (-14 - -37) + (-46 - -6)?
-17
(-2 - -15) + (-91 - -78)
0
What is the value of -10 - -4 - 7 - -14?
1
7 - (-12 + 15) - (4 + 2 + 14)
-16
Evaluate -31 + 13 + -19 + 10.
-27
What is 28 - 32 - (-1 - 1) - (4 - 23)?
17
What is the value of (6 - 3) + (-21 - -26) - (4 + -8)?
12
-30 + -8 + -4 - (-16 + -2)
-24
What is 17 + -27 + 28 + -3?
15
-10 - (-7 - ((4 - (-5 + 10)) + -1))
-5
What is -1 + (-7 + 7 + -1 - (-6 + 11))?
-7
Calculate (12 - -1) + 388 + -400.
1
Evaluate 1 + 15 + 4 + 5 + -5 + 1.
21
What is the value of 6 - 1 - (10 + -1 + 4 - 6)?
-2
What is the value of -78 - -72 - (1 - 3)?
-4
What is the value of 15 + -11 + (-5 - -4) + -4?
-1
Evaluate 17 + -15 + 11 + 3 + -6 + 3.
13
-3 - -1 - ((-36 - -4) + (-40 - -49))
21
7 + (-7 - (-1 - (-8 + 4))) - -5
2
Evaluate (7 - (-8 - -18)) + 0 - (-14 - 1).
12
-22 - (-5 - -7 - (-18 - -26))
-16
What is 1 - -1 - ((26 - 26) + 1)?
1
What is (-6 + 3 - -19) + (23 - 27) - 5?
7
3 + -7 + (-1 - -1) + 571 + -564
3
What is the value of 2 - 2 - (164 - 152)?
-12
What is the value of (14 - 23) + 1 + 8?
0
Calculate 1 - 14 - 0 - (-29 + 73 - 51).
-6
Evaluate 13 - (12 + (-8 - (-3 + 1))).
7
Calculate (-28 - -37 - (8 - (1 - -1))) + 5.
8
1 - 38 - (2931 + -2982)
14
-8 + (11 + -11 - 3) - (0 - 1)
-10
Evaluate (-9 - 0 - (-2 - 12)) + (-13 - 1).
-9
Calculate (-7 - (4 + -13 - -1)) + (2 - -14).
17
Calculate -1 + 4 - (-13 - (9 - (31 - 8))).
2
6 - ((-2 - 5) + (-34 - -56))
-9
Evaluate -9 + 11 + -16 + (1 - -1 - -2).
-10
What is -8 + 30 + -3 + -48?
-29
Evaluate -5 + 4 + -3 + 13.
9
Calculate (-51 - -65 - 18) + (-2 - -11).
5
-2 - (7 - (2 - -7))
0
Evaluate 8 + 0 + -30 + 29.
7
Calculate 68 + (-62 - -16) - (1 + 7).
14
45 + -50 + (-1 + (-5 - -1) - -1)
-9
What is (127 - 107) + -2 + 4?
22
31 + -36 + (-2 - -2)
-5
What is 8 - 7 - 9 - 8?
-16
Evaluate 2 + (-17 + -13 - (-2 + 0)) - -5.
-21
Evaluate 2 + 0 + -12 - (0 + 5) - -2.
-13
Calculate 0 + -3 + -2 + 2 + (8 - 1).
4
Evaluate 10 + 5 + -8 + (-17 - (1 - -1)).
-12
Evaluate 11 + -15 + (14 + -2 - 4).
4
Calculate -12 + (-14 - -30 - -3 - -16).
23
What is 5 - (6 - 2 - (11 - 11 - -8))?
9
Calculate -12 - (0 + -12 + 9).
-9
Calculate 2 - (1 + 3 - 7 - (16 - 9)).
12
What is the value of 4 - (14 + -11 - (-1 + -2 + 2))?
0
What is (79 - 95 - (0 - (7 + 1))) + 5?
-3
19 + -17 + 12 + 15
29
What is (-4 - 0) + (2 + 2 - 13)?
-13
What is 0 + -12 + (11 - (-3 - 18))?
20
Calculate -12 + 41 + -16 - 10.
3
Evaluate 963 + -975 - (21 - (0 - 1 - 1)).
-35
Calculate 27 - 25 - (1 + (-7 - -7)).
1
-8 + 0 - (89 + -114)
17
Evaluate (-2 + -3 + 2 - 3) + 2.
-4
Evaluate -5 - (5 - (-3 - (5 - 30))).
12
Calculate (9 - 1) + 71 + -94.
-15
Calculate 21 + (-27 - (-2 + -5)).
1
Evaluate (-5 - -17) + 19 + -18.
13
Evaluate -15 + 0 + (-1 - (-37 - -27)).
-6
Evaluate (-37 - -36 - (7 - 1)) + (2 - 0).
-5
10 + (-11 - -9) + 4
12
What is the value of -5 + 36 - ((8 + 3 - 9) + 7)?
22
What is 4 - 5 - (-6 + 20)?
-15
-92 - -90 - (-13 + -1)
12
-31 + 79 - (14 - -5)
29
What is (-4 - (0 - ((5 - 1) + -9))) + 7?
-2
Calculate 0 - 21 - -43 - 11.
11
What is the value of 4 - (23 + (-5 - -5) + 6 + -12)?
-13
Evaluate -4 - ((-2 - -2) + -1 - (26 - 34)).
-11
Calculate (-2 - (-5 - 7)) + -5 + 0 + 1.
6
Evaluate 9 - (-2 + (-1 + 6 - (8 + -7))).
7
Calculate 26 + -13 + -31 + 28.
10
What is the value of 33 + -47 + -4 + 14 + -2?
-6
Calculate (11 - -12 - 25) + -1 + 5.
2
What is -17 + 37 + (13 - 58)?
-25
(49 - 6) + (28 - 54)
17
22 + (15 - -5 - 41)
1
-7 + 44 + (-17 - -14)
34
What is the value of -6 + (9 - 14) + -22 + (7 - 2)?
-28
-5 - (-38 + 36 - (-1 + 2)) - 3
-5
-3 + 3 - 0 - ((12 - 31) + 9)
10
Evaluate 9 - (8 + -3 - ((-6 - 3) + 11)).
6
(28 + -55 - (0 - 5)) + -1 + 3
-20
(1 - (4 + -4 + -2)) + (-165 - -165)
3
What is the value of -1 + 6 - (-7 + -37 - -56)?
-7
What is the value of (-2 + 0 + 6 - (-38 + 33)) + -49?
-40
What is the value of (-2 - (6 - -7)) +